rst derivative of n(r). What is the remainder when c(3) is divided by 8?
5
Suppose -169 + 247 = 26*d. Suppose -5*o = v - 3*v - 3, -4 = o - 5*v. Calculate the remainder when d is divided by o.
0
Let r(g) = g**3 + 13*g**2 + 12*g + 5. Let y be r(-12). Suppose 3*z = -l + y*z + 54, -3*l = -3*z - 159. What is the remainder when l is divided by 28?
24
Suppose -16*v + 1 = -15. What is the remainder when 27 is divided by 2 - v*(-11 + -3)?
11
Let c(i) = -8*i - 31. Calculate the remainder when 77 is divided by c(-5).
5
Let b = -1747 + 1752. What is the remainder when 91 is divided by b?
1
Suppose 10*g - 3*g = 609. Suppose -5*c - 32 + g = 0. What is the remainder when 30 is divided by c?
8
Let o = 1263 - 941. What is the remainder when o is divided by 54?
52
Let l = 32 + -15. Suppose 5*g + 2*d = 232, -2*d + 0*d + 2 = 0. Calculate the remainder when g is divided by l.
12
Let l = -48 + 84. Suppose 5*v + 2*w = 90, -w = 2*v + 3*w - l. Calculate the remainder when 6/(-8)*(-1 + -67) is divided by v.
15
Suppose 82 = -9*k + 11*k. Suppose -a + 20 = q, 2*a - a = q + 22. What is the remainder when k is divided by a?
20
Suppose 4*g - 28 = -4*q, -2*q - 1 = g - 13. What is the remainder when 374 is divided by q?
4
Let k(g) = 8*g**2 - 3*g + 12. What is the remainder when k(5) is divided by 42?
29
Let j = -208 - -337. Calculate the remainder when j is divided by 29.
13
What is the remainder when (-2)/6 - (-210)/9 is divided by (1 - 9)/((-4)/6)?
11
Suppose -56 = -2*s + 5*t + 11, s - 26 = t. What is the remainder when 56 is divided by s?
14
Suppose 48 = 2*c - 0*c. Let k = -5 + c. Let q(h) = 4*h - 6. What is the remainder when k is divided by q(4)?
9
Let m(w) = 9*w**2 - 5*w - 1. Calculate the remainder when 853 is divided by m(-2).
43
Suppose 6*d + 2*d - 24 = 0. Suppose d*z + z = 68. Calculate the remainder when 65 is divided by z.
14
Suppose 0 = 2*a - 3*a + 5*v + 15, a = 3*v + 11. Calculate the remainder when 78 is divided by a.
3
Suppose 2*h = 4*n - 538, -2*h + 127 = -4*n + 5*n. What is the remainder when 527 is divided by n?
128
What is the remainder when 5*912/200*(-20)/(-6) is divided by 12?
4
Let p be ((-33)/6 - -4)*-2. Suppose 0*f + 264 = 3*f - p*q, 173 = 2*f - q. Calculate the remainder when f is divided by 55/(-1)*8/(-20).
19
Suppose 87*o = 83*o + 328. Let a = 14 + o. What is the remainder when a is divided by 33?
30
Let m(o) = -62*o - 4. Let h(j) = -495*j - 33. Let b(s) = 4*h(s) - 33*m(s). Let d be b(-1). Calculate the remainder when (d/9)/((-3)/9) is divided by 8.
6
Let d(f) = f**2 - 10*f + 20. Let j be d(6). Calculate the remainder when (-222)/((-2 - -4) + j) is divided by 14.
13
Let r be 3*3*14/(-9). Let w = r - -11. What is the remainder when 2 - w*(-3 - -5) is divided by 5?
3
Suppose -o = -3*i + 5, -5*i + 6 = 2*o - 17. Suppose -156 = 4*v - 0*q - 4*q, 0 = -i*v + 5*q - 115. Let g = 73 + v. What is the remainder when 63 is divided by g?
30
Let t be 1*211/(-7) - (-7)/49. Let y = t + 57. What is the remainder when y is divided by 7?
6
Suppose -3*i = -0*i - 5*d - 102, 2*i + 2*d - 52 = 0. Suppose -65 = 15*j - 10*j. Let p = j - -19. What is the remainder when i is divided by p?
5
Suppose -a + 12 = 3*a. Suppose -a*l - 2 = -2*l, -3*r + 3*l + 57 = 0. Suppose -6*b + 4*b + 18 = 0. Calculate the remainder when r is divided by b.
8
Let n(h) = 18*h**3 + 2*h**2 + h + 4. Let p(l) = -37*l**3 - 4*l**2 - l - 9. Let g(b) = -5*n(b) - 2*p(b). What is the remainder when 27 is divided by g(-1)?
12
Let r be 4/14 + 462/98. Suppose 72 = p - r*n, n = -3*n - 20. What is the remainder when p is divided by 26?
21
Let w(i) = i**3 - 6*i**2 + 7*i - 4. Let t be w(5). Suppose -2*b + t*b - m = -13, 0 = -4*b + 5*m - 33. What is the remainder when 49 is divided by (-4)/6*39/b?
10
Let q be 112/(-6) + (-2)/(-3). Let v(i) = i**3 - 10*i**2 + 14*i - 12. Let g be v(9). Let o = q + g. What is the remainder when o is divided by 9?
6
Let n = -85 - -44. Let r = n + 64. Suppose 20 = -4*g + 4*h + 80, -h = 3. Calculate the remainder when r is divided by g.
11
Suppose 2*l + l = 396. Calculate the remainder when l is divided by 9/(504/266)*4.
18
Let w be 2/(-4)*(-1 + -473). Let f be -5 + 1 + (6 + -6 - -6). Suppose -m = f*m - w. Calculate the remainder when m is divided by 20.
19
What is the remainder when 507 is divided by 12/(-9)*714/(-28)?
31
Suppose -3*m = r + 71, -4*r - 302 = -0*r + 3*m. Let v = r + 153. Calculate the remainder when v is divided by 20.
16
Let o(z) = -2*z**2 - z + 4. Let d be o(0). Suppose 0*y = -y + d. Suppose 130 = 3*k + y. What is the remainder when k is divided by 15?
12
Let k(y) = y**3 + 20*y**2 - 15*y - 16. What is the remainder when k(-19) is divided by 106?
100
Let f be 110*(1 - (1 + 3 - 2)). Let w = 220 + f. What is the remainder when w is divided by 14?
12
Let h(m) = 2*m**3 + 57*m**2 + 29*m + 30. Calculate the remainder when 100 is divided by h(-28).
0
Let z be (-25)/(-10)*(-4)/(-2). Suppose 0 = -s + 41 - 14. What is the remainder when s is divided by (5 + (-8)/4)*1*z?
12
Let u be 735/(-12) - (-2)/8. Let z = -43 - u. Suppose -7 - z = -5*m. Calculate the remainder when 14 is divided by m.
4
Let d = -112 - -111. What is the remainder when (5 - (d + 66))*(-16)/10 is divided by 27?
15
Let v(q) = q**2 - q - 76. What is the remainder when 118 is divided by v(-9)?
6
Suppose 31*r = 973 + 546. Let a(w) = -w**3 - 8*w**2 - 8*w + 3. What is the remainder when r is divided by a(-7)?
9
Let m be 151/(-6) + 38/228. Let l = 0 - -4. What is the remainder when (20/m)/((-8)/40) is divided by l?
0
Let x(o) = -o**2 - 7*o - 2. Let s be x(-7). Let j be -4*(76/8 + s). Calculate the remainder when 7 is divided by 6*4/j*-5.
3
Let i = 109 + -97. What is the remainder when 46 is divided by i?
10
Let c(m) = m**3 - 46*m**2 + 44*m + 110. What is the remainder when c(45) is divided by 6?
5
Suppose 0 = 2*h - 50 - 2. Suppose -4*f = -2*f + w - h, 0 = -2*f - 2*w + 26. Let i = -599 - -635. Calculate the remainder when i is divided by f.
10
Calculate the remainder when 80/(-96)*((-1 - 0) + -5) is divided by 4.
1
Let c(a) = -2*a**3 - 103*a**2 - 57*a + 40. Calculate the remainder when c(-51) is divided by 44.
38
Suppose -2*q = -3*q + 25. Suppose -2*p + 39 = 15*l - 14*l, l = p + 51. What is the remainder when l is divided by q?
22
Let i(f) be the third derivative of f**4/24 + 5*f**3/2 + 2*f**2. Let w = 112 - 117. What is the remainder when 29 is divided by i(w)?
9
Suppose -3*h - 8 = -4*t, -3*h - 8 + 35 = 3*t. Suppose -4*n - t = s - 2, -5*s + 33 = -4*n. Calculate the remainder when (2 - -6)/((-1)/n) is divided by 5.
1
Let h(s) = 20*s**2 + 89*s - 11. What is the remainder when h(-6) is divided by 71?
33
Let g(x) = -x + 8. Let u be g(10). Let k be (u - 1) + (0 - -1). Calculate the remainder when 62 is divided by k/(-1) + (-56)/(-4).
14
Let k be (-5 - 1)*((-35)/15)/7. Suppose 24 = -3*a - k*y + 133, -4*a = 5*y - 150. What is the remainder when a is divided by 18?
17
Suppose -8*t - 1 = -1. Suppose t = 8*c - 20 - 156. Calculate the remainder when 107 is divided by c.
19
Suppose -41 = 4*o - 117. Let w(l) = -l**3 - 4*l**2 + 6*l + 10. Suppose -10 = -4*v + 6*v. What is the remainder when o is divided by w(v)?
4
Suppose 0 = 6*i - 5*i - 48. Suppose 0 = u + u - i. Calculate the remainder when 87 is divided by u.
15
Let w = 39 - 24. Suppose k + w - 31 = 0. Calculate the remainder when 95 is divided by k.
15
Let p(y) = -3*y - 10. Let l = -23 - -32. Let j be l/(-6)*56/12. Calculate the remainder when p(j) is divided by 6.
5
Let d = 117 + -30. Let i = d + -12. Suppose -4*a + 263 = -w, -a = w + 3 - i. Calculate the remainder when a is divided by 14.
11
Let y = -11 - -82. Suppose 0 = y*r - 68*r - 981. Calculate the remainder when r is divided by 55.
52
Suppose 0 = -3*m - 3*c + 246, -2*c - 76 = -m + 6. Suppose -19*s + 16*s - 2*z + 51 = 0, -3*s - 3*z = -51. Calculate the remainder when m is divided by s.
14
Let t = 30 - 26. Suppose -50 = -t*u - 14. Calculate the remainder when u is divided by 4.
1
Let z be (2/6)/(1/57). Let d(q) = q**3 + q**2 + 4. Let j be d(-3). Let v = z + j. What is the remainder when 13 is divided by v?
3
Let g be (-13)/(-6) + (-2)/12. Suppose 5*x - g = 8. Let f(o) = 3*o**3 - 2*o**2 + o - 2. What is the remainder when 31 is divided by f(x)?
15
Suppose 2*t - 7*t = 20, -3*m + 2*t = -41. Calculate the remainder when m is div